ltiple of 32?
True
Is 24 a factor of 124046?
False
Is 480 a multiple of 10?
True
Is 6776 a multiple of 14?
True
Is 1202 a multiple of 101?
False
Is 16 a factor of 3104?
True
Is 1769 a multiple of 3?
False
Does 2 divide 85?
False
Is 10392 a multiple of 8?
True
Does 33 divide 99?
True
Does 4 divide 172?
True
Is 15 a factor of 1212?
False
Is 18810 a multiple of 95?
True
Is 44 a factor of 11000?
True
Is 2 a factor of 232?
True
Is 12282 a multiple of 178?
True
Is 13 a factor of 299?
True
Is 6267 a multiple of 9?
False
Is 252 a multiple of 7?
True
Is 7 a factor of 2499?
True
Does 3 divide 386?
False
Does 45 divide 1170?
True
Is 1001 a multiple of 3?
False
Does 425 divide 580?
False
Is 12583 a multiple of 192?
False
Does 5 divide 706?
False
Is 26 a factor of 624?
True
Is 16 a factor of 3330?
False
Is 1037 a multiple of 12?
False
Does 23 divide 2168?
False
Is 1050 a multiple of 25?
True
Does 17 divide 4472?
False
Is 181 a factor of 2896?
True
Is 57 a factor of 1941?
False
Does 28 divide 26348?
True
Is 9 a factor of 20933?
False
Is 13440 a multiple of 70?
True
Is 1349 a multiple of 70?
False
Is 38 a factor of 22316?
False
Does 45 divide 180?
True
Is 41 a factor of 451?
True
Is 7476 a multiple of 137?
False
Is 1735 a multiple of 105?
False
Does 122 divide 488?
True
Does 24 divide 436?
False
Is 22 a factor of 15028?
False
Does 10 divide 740?
True
Is 1064 a multiple of 7?
True
Is 13 a factor of 2041?
True
Is 86 a factor of 468?
False
Is 408 a multiple of 13?
False
Does 60 divide 16713?
False
Is 12132 a multiple of 36?
True
Is 120 a factor of 1330?
False
Does 49 divide 707?
False
Is 39 a factor of 70746?
True
Is 17397 a multiple of 149?
False
Does 15 divide 4515?
True
Does 26 divide 1950?
True
Is 49 a factor of 1421?
True
Is 19 a factor of 1085?
False
Is 588 a multiple of 7?
True
Is 26 a factor of 26?
True
Is 48092 a multiple of 11?
True
Is 61 a factor of 26596?
True
Is 11 a factor of 1111?
True
Is 42 a factor of 29030?
False
Is 1463 a multiple of 77?
True
Does 31 divide 1209?
True
Is 756 a multiple of 35?
False
Is 75 a factor of 1902?
False
Is 26 a factor of 4780?
False
Does 45 divide 1937?
False
Does 22 divide 11056?
False
Does 51 divide 17774?
False
Does 97 divide 2915?
False
Is 2124 a multiple of 8?
False
Does 61 divide 244?
True
Does 41 divide 1763?
True
Is 125 a factor of 83352?
False
Is 17 a factor of 1836?
True
Does 18 divide 414?
True
Is 2899 a multiple of 19?
False
Is 5477 a multiple of 13?
False
Is 57 a factor of 29697?
True
Does 22 divide 359?
False
Is 465 a multiple of 93?
True
Does 14 divide 2310?
True
Is 12 a factor of 15496?
False
Is 115 even?
False
Is 588 a multiple of 42?
True
Does 5 divide 1316?
False
Is 49 a factor of 489?
False
Is 1512 a multiple of 24?
True
Does 16 divide 221?
False
Does 11 divide 20244?
False
Is 9 a factor of 873?
True
Is 133 a multiple of 56?
False
Is 2085 a multiple of 15?
True
Does 9 divide 1784?
False
Does 4 divide 1187?
False
Does 6 divide 11940?
True
Is 47 a factor of 10760?
False
Does 49 divide 980?
True
Is 13 a factor of 2601?
False
Does 5 divide 19641?
False
Is 4392 a multiple of 18?
True
Does 5 divide 3895?
True
Is 47 a factor of 1502?
False
Is 8316 a multiple of 21?
True
Is 6 a factor of 223?
False
Is 33939 a multiple of 13?
False
Is 9996 a multiple of 147?
True
Does 8 divide 41878?
False
Is 69 a factor of 127?
False
Is 19424 a multiple of 28?
False
Is 9 a factor of 2549?
False
Does 11 divide 1397?
True
Is 1650 a multiple of 15?
True
Is 8 a factor of 3380?
False
Is 7 a factor of 3980?
False
Is 22195 a multiple of 115?
True
Is 13420 a multiple of 36?
False
Is 15120 a multiple of 240?
True
Is 195 a factor of 17160?
True
Is 53 a factor of 15741?
True
Is 18 a factor of 10998?
True
Is 56 a factor of 14560?
True
Does 48 divide 1104?
True
Is 8 a factor of 14552?
True
Does 17 divide 9554?
True
Does 210 divide 6090?
True
Does 4 divide 337?
False
Does 58 divide 4337?
False
Does 156 divide 2028?
True
Is 114 a multiple of 11?
False
Is 24 a factor of 966?
False
Does 11 divide 835?
False
Does 8 divide 376?
True
Is 3134 a multiple of 4?
False
Is 40 a factor of 8680?
True
Is 132 a multiple of 11?
True
Is 16 a factor of 160?
True
Is 12 a factor of 3007?
False
Is 10 a factor of 1370?
True
Does 48 divide 21287?
False
Does 19 divide 717?
False
Does 58 divide 75922?
True
Does 78 divide 390?
True
Is 150 a multiple of 5?
True
Does 246 divide 19434?
True
Is 1232 a multiple of 28?
True
Is 780 a multiple of 20?
True
Is 189 a multiple of 15?
False
Is 2622 a multiple of 47?
False
Does 17 divide 149?
False
Is 4688 a multiple of 16?
True
Does 8 divide 4024?
True
Does 12 divide 57744?
True
Is 2700 a multiple of 18?
True
Is 47686 a multiple of 113?
True
Is 2 a factor of 50?
True
Is 16 a factor of 1040?
True
Is 69 a factor of 1656?
True
Is 194 a multiple of 6?
False
Is 3 a factor of 50?
False
Is 2 a factor of 429?
False
Is 84 a factor of 9744?
True
Does 26 divide 22782?
False
Is 68724 a multiple of 46?
True
Does 305 divide 61000?
True
Does 39 divide 48764?
False
Does 47 divide 687?
False
Is 75 a factor of 1425?
True
Does 4 divide 177?
False
Is 252 a multiple of 39?
False
Does 15 divide 862?
False
Does 5 divide 1334?
False
Is 42 a factor of 308?
False
Does 14 divide 41240?
False
Is 10 a factor of 1000?
True
Is 2031 a multiple of 14?
False
Is 23 a factor of 5980?
True
Does 32 divide 475?
False
Does 10 divide 68?
False
Is 9621 a multiple of 22?
False
Does 18 divide 5598?
True
Does 12 divide 81?
False
Is 442 a multiple of 26?
True
Is 5 a factor of 749?
False
Is 10260 a multiple of 55?
False
Is 18 a factor of 14690?
False
Does 16 divide 7568?
True
Is 729 even?
False
Does 14 divide 1036?
True
Does 107 divide 30025?
False
Is 696 a multiple of 58?
True
Does 4 divide 292?
True
Is 21 a factor of 714?
True
Is 49 a factor of 33565?
True
Is 30503 a multiple of 59?
True
Is 178 a multiple of 30?
False
Is 146 a factor of 84116?
False
Does 162 divide 26244?
True
Is 22602 a multiple of 7?
False
Is 1808 a multiple of 16?
True
Is 44 a multiple of 2?
True
Is 4402 a multiple of 31?
True
Is 26 a multiple of 19?
False
Is 110 even?
True
Is 3169 a multiple of 52?
False
Is 2825 a multiple of 5?
True
Is 10 a factor of 10010?
True
Is 21 a factor of 15725?
False
Does 62 divide 30628?
True
Is 19 a factor of 209?
True
Is 1809 a multiple of 27?
True
Is 254 even?
True
Does 30 divide 2850?
True
Does 9 divide 29751?
False
Is 117 a factor of 22464?
True
Is 648 a multiple of 2?
True
Is 12 a factor of 10992?
True
Is 3430 a multiple of 139?
False
Is 3 a factor of 92?
False
Does 4 divide 2182?
False
Does 31 divide 310?
True
Is 38 a factor of 494?
True
Is 5264 a multiple of 125?
False
Does 12 divide 10788?
True
Is 141 a factor of 9729?
True
Is 67 a factor of 1029?
False
Is 104 a multiple of 16?
False
Is 37 a factor of 1147?
True
Is 63 a factor of 68535?
False
Is 82654 a multiple of 95?
False
Is 15 a factor of 3105?
True
Is 115 a factor of 9085?
True
Is 309 a multiple of 5?
False
Is 141 a factor of 18008?
False
Does 5 divide 10385?
True
Does 4 divide 664?
True
Does 89 divide 9968?
True
Is 502 a multiple of 7?
False
Does 15 divide 2385?
True
Is 73714 a multiple of 370?
False
Is 4992 a multiple of 39?
True
Is 48 a multiple of 24?
True
Is 28 a factor of 759?
False
Does 40 divide 8160?
True
Does 81 divide 5380?
False
Is 54 a factor of 6432?
False
Is 8976 a multiple of 66?
True
Does 5 divide 68?
False
Is 594 a multiple of 27?
True
Does 145 divide 1305?
True
Is 3795 a multiple of 82?
False
Is 50 a factor of 1257?
False
Is 1015 a multiple of 46?
False
Is 130 a factor of 7320?
False
Does 9 divide 1311?
False
Is 11110 a multiple of 55?
True
Is 16 a factor of 6183?
False
Is 51858 a multiple of 149?
False
Is 575 a multiple of 23?
True
Does 42 divide 9871?
False
Is 6 a factor of 102?
True
Is 5 a factor of 67?
False
Is 1346 a multiple of 18?
False
Is 4478 a multiple of 107?
False
Does 33 divide 11896?
False
Is 3294 a multiple of 61?
True
Is 128314 a multiple of 280?
False
Is 2 a factor of 543?
False
Does 17 divide 2468?
False
Is 7860 a multiple of 12?
True
Is 16 a factor of 136?
False
Does 167 divide 56780?
True
Is 16 a factor of 672?
True
Is 4 a factor of 1374?
False
Does 171 divide 3762?
True
Is 100992 a multiple of 192?
True
Is 2005 even?
False
Is 107 a factor of 11315?
False
Does 8 di